*l, -2*y + l = -o. Let r be ((32/18)/1)/(35/(7245/46)). What is the greatest common divisor of r and y?
8
Suppose 60*t - 55*t = 5, 0 = n + 3*t - 287. Calculate the highest common divisor of 8023 and n.
71
Let h(c) = -27*c - 477. Let o be h(-20). Suppose -2*i = -4*s - 7*i + 344, -5*i - 61 = -s. Calculate the highest common factor of s and o.
9
Let k(a) = a**3 + 7*a**2 + 3*a + 21. Let j be k(-7). Suppose 11*y + 14*y - 350 = j. Let x be 20/(-3)*(-21)/2. What is the highest common divisor of x and y?
14
Let o(r) = -2*r**3 - 8*r**2 + 20*r - 21. Let l = 180 - 189. Let g be o(l). What is the highest common divisor of 21 and g?
21
Let w = 5 - 5. Suppose w = -n - a - 59, 2*n + 5*a + 4 = -102. Let f = n - -171. What is the highest common divisor of 36 and f?
36
Suppose -40*u - 41*u + 25*u + 161448 = 0. Calculate the greatest common factor of u and 93.
93
Let o = -612 - -702. Let g = -111 + 311. Suppose -a = m - 45 - 19, -3*m - 5*a + g = 0. What is the highest common factor of m and o?
30
Suppose 0 = 10*o - 25 - 5. Let p be 3/2 + ((-3)/(-2))/o. Suppose -p*f = -k - 7*f + 70, -k = 4*f - 75. Calculate the greatest common divisor of 19 and k.
19
Let f(n) = -n**3 + 28*n**2 - 186*n + 4. Let o be f(17). Let w = -47 - -572. What is the greatest common factor of o and w?
21
Let v(d) = -36*d - 70. Let o be v(-2). Suppose -4*n - 137 - 343 = -o*i, -2*n + 1236 = 5*i. Calculate the greatest common factor of 82 and i.
82
Suppose t - 84 = -t - 2*y, 20 = -5*y. Suppose 5*c + 2*z = 1860, -2*c = 3*z - 520 - 246. Calculate the highest common factor of t and c.
46
Let y(w) = -209*w + 2222. Let h be y(10). Let g(l) = 7*l**2 - 6*l. Let f be g(4). What is the greatest common factor of f and h?
44
Suppose 29 - 54 = -5*p. Suppose -15*g + 360 = -15. What is the highest common factor of g and p?
5
Suppose -4*m + 10097 = 9341. What is the highest common divisor of 259 and m?
7
Suppose 19*u - 30 = 14*u. Calculate the greatest common divisor of u and 111.
3
Suppose -12*g + 132 = 4*r, 0 = -3*r - 497*g + 499*g + 187. Let o = -149 + 301. What is the greatest common factor of o and r?
19
Suppose 3*o - 5 = 4*o, 983 = 2*m - 3*o. Suppose -2*n - 10 = -m. Let h = n + -53. What is the greatest common factor of h and 46?
46
Suppose 131041 = 31*a - 102183 + 40032. Calculate the greatest common divisor of a and 57.
19
Let a(v) = 9*v**2 + 7*v + 4. Let w be a(-2). Let q = w - 21. Suppose c + 61 = q*g, -2*g + 14 + 9 = c. What is the highest common divisor of g and 6?
6
Suppose 6*h - 313 = -237 + 428. What is the greatest common factor of 903 and h?
21
Let x = 1120 - 892. What is the greatest common factor of x and 1976?
76
Let g be ((-4)/14)/1 + 321/21. Suppose -5*q + g = -60. Calculate the greatest common divisor of q and 345.
15
Let p(h) = h**3 - 9*h**2 + 2*h + 13. Let c be p(-6). Let i = 843 + c. Calculate the highest common divisor of 38 and i.
38
Let w(v) be the first derivative of -v**2/2 + 29*v + 11. Let s be w(-17). Let t = 50 - s. Calculate the highest common divisor of t and 6.
2
Let i = 81 - 41. Let l be ((-11)/22)/((-2)/i). What is the greatest common factor of 30 and l?
10
Let n = -186 + 110. Let s = n + 98. Suppose s*q + 308 = 26*q. What is the greatest common factor of q and 7?
7
Let g be (-368)/(-96) + -5*6/(-180). Calculate the highest common divisor of 170 and g.
2
Let d(r) = -6*r**2 + 61*r - 6. Let k be d(10). Suppose -k*o = -92 + 76. What is the greatest common divisor of o and 2?
2
Suppose 14*a + 1080 - 1150 = 0. Calculate the highest common factor of a and 1215.
5
Let h be (-1)/3 + 370/30. Let q(b) = 14*b + 80. Suppose -4*g + 8 = -4*a + 36, 0 = -g - 2*a + 2. Let d be q(g). What is the highest common divisor of d and h?
12
Let f be 28 - -1*(-2)/3*(-390)/(-52). What is the greatest common divisor of f and 39629?
23
Suppose -6*w = -655 - 1409. Calculate the greatest common factor of 7396 and w.
172
Suppose -43011 - 9063 = -57*a + 20316. Calculate the greatest common divisor of a and 30.
10
Suppose -p = 4*y - 3958, 3*p = -2*y + 177 + 1807. Suppose 113 = 8*x - 71. Calculate the greatest common factor of y and x.
23
Suppose -18 = -7*p - 2*p. Let u(n) = 3*n**2 - 2*n**p + n + n**3 + 6*n**2 + 0*n**2. Let k be u(-6). Calculate the highest common divisor of k and 3.
3
Suppose 3*g + 2*q = 968, 2*g - 133 = 4*q + 491. Calculate the highest common factor of g and 2624.
64
Suppose o - 9 + 7 = 0. Suppose 3*j = j - z + 8, -j + o*z + 14 = 0. Calculate the greatest common divisor of 114 and j.
6
Let w(f) be the second derivative of -17/2*f**2 - 46/3*f**3 + 0 - 26*f. Let q be w(-4). Calculate the highest common divisor of q and 39.
39
Let l(y) = 211*y**2 + 5*y + 7. Let o be l(-1). Suppose -o = -35*z + 34*z. Calculate the highest common factor of z and 284.
71
Suppose 19 + 24 = w. Let a be (-11343)/12 - (-18)/(-24). Let c be 13 - 13 - a/2. Calculate the highest common factor of c and w.
43
Let d be -5 + (-2950)/(-15) + (10/(-15))/(-2). Let o(r) = 25*r - 1. Let i be o(1). Calculate the greatest common factor of d and i.
24
Let d(r) be the second derivative of -r**4/12 + r**3/6 + 5*r**2 + 2*r. Let t be d(-5). Let b = 1 - t. Calculate the greatest common factor of b and 63.
21
Let a = -52 - -38. Let p be (-3 + 7 + a)*-5. Suppose h = 6*h - p. What is the greatest common divisor of 10 and h?
10
Let l be ((-1414)/(-16) - ((-153)/(-24))/17)*1. Calculate the greatest common factor of l and 638.
22
Let a be (10/25)/((-2)/(-240)). Let v be (-8)/14 + (0 - 844/(-7)). Calculate the greatest common divisor of v and a.
24
Let j be 704/55 - 13 - (-38272)/10. What is the greatest common factor of j and 89?
89
Let w(k) = 3*k - 15. Let q be w(17). Let h be (-120)/(6*4/(-6) - -3). Suppose 7*n = 5*n + h. Calculate the highest common divisor of n and q.
12
Let p(j) be the third derivative of -j**5/30 + 13*j**4/6 + 5*j**3/6 - 40*j**2 + j. Let s be p(26). What is the greatest common divisor of 80 and s?
5
Let d be (-18)/(-3 + 6)*(2 - 3). Suppose -s + 6 = q, -s - d*q + 4*q + 4 = 0. What is the greatest common divisor of s and 30?
2
Let h = 91216 - 91141. Let x = -32 - -62. What is the greatest common divisor of h and x?
15
Let w(f) = f + 4. Let y be w(0). Let u = -59 + 61. Suppose -2*q + 30 = 2*p - y, u*q - 28 = p. Calculate the greatest common factor of q and 15.
15
Suppose 1645 - 120 = -5*q. Let c = q - -310. What is the greatest common divisor of 40 and c?
5
Let n(k) = k**3 + 7*k**2 - 36*k - 18. Let b be n(-10). Calculate the greatest common divisor of 3213 and b.
21
Let k(w) = 3*w**2 + 3*w - 10. Let y(g) = -7*g**2 - 9*g + 28. Let x(s) = 8*k(s) + 3*y(s). Let n be x(1). Calculate the highest common divisor of n and 92.
4
Let r = 73 - 68. Let p be (-2)/r + 1380/75. Let l = 22 - 4. What is the highest common divisor of l and p?
18
Let c = -647 + 741. Suppose 93*u = c*u - 4. Calculate the highest common factor of 1 and u.
1
Suppose 4*t = 2*x + 122, -6*t - x + 149 = -t. Let c = -431 + 398. Let q be c/132 + (-146)/(-8). Calculate the highest common divisor of q and t.
6
Suppose -182195 = -26*v + 445341. Calculate the highest common divisor of 56 and v.
56
Let v be (-42 - -36) + 7/2*6. Calculate the highest common divisor of v and 15.
15
Let s = 570 + -331. Suppose -323 = -4*h - s. What is the highest common factor of 203 and h?
7
Let p = 65 + 7. Suppose -2*m - 4*f + 18 = 0, 1 = -5*m - f + 19. Suppose -4*z + m*z - 18 = -r, 2*z = -4*r + p. Calculate the greatest common factor of r and 18.
18
Let k(q) = -q**3 + 53*q**2 + 52*q + 112. Let o be k(54). Suppose 5*d + f = 1873, -o*f - 161 = 5*d - 2028. What is the highest common factor of 30 and d?
15
Let j(p) = 40*p**2 - 19*p - 19. Let r be j(-1). What is the greatest common factor of r and 32?
8
Let s(n) = -12*n - 57. Let f be s(-6). Suppose 0 = -3*a - f, 14*a = 5*y + 19*a. What is the greatest common factor of 20 and y?
5
Suppose -2*j - 114 = -118. Suppose -5*p - j*u = -6*u - 942, 0 = -2*p - 4*u + 388. What is the highest common divisor of p and 10?
10
Suppose -r + 5*r = -16, 2*m - 4*r = 26. Let i(q) = 16*q**2 - 1 + 6*q - q**3 + m*q + 9*q. Let o be i(17). What is the greatest common factor of o and 20?
10
Suppose -5*f + 138 = -2*f. Suppose 93 = -n + 2*z - 154, 2*n + 2*z + 464 = 0. Let h = 283 + n. Calculate the greatest common divisor of h and f.
46
Let y = 332 - 209. Suppose -5*